+ b**3/3 - 14*b**2 - 27*b - 83. Calculate s(5).
7
Suppose -4*q = n + 16, -n + 2*q = 2*n + 6. Let s(m) = m**2 + 3*m + 4. Let i be s(-3). Let g(t) = i + 0 + 8*t - 2 - 4*t. Determine g(n).
-14
Let y(b) = -11*b - 3 - 93*b**2 + 178*b**2 - 86*b**2. Suppose 2*l - 42 - 2 = 5*h, 3*h + 4*l = -42. What is y(h)?
7
Let o(s) = -2*s**3 + 39*s**2 + 41*s - 38. Let v(n) = 2*n**3 - 37*n**2 - 44*n + 39. Let j(d) = -6*o(d) - 5*v(d). Calculate j(25).
8
Let q(p) = 29*p + 31. Let x(u) = 69*u + 64. Let l(h) = 5*q(h) - 2*x(h). What is l(0)?
27
Let p(t) = -t**2 - 2*t + 3. Let u(q) = q**3 + 13*q**2 - 29*q + 9. Suppose 0 = -8*d + 5*d - 45. Let h be u(d). Give p(h).
-21
Let j(u) = -u - u**3 + 10*u**2 - 12*u**2 - u + 3 + 5*u**2. Let y(i) = 46*i + 94. Let t be y(-2). Calculate j(t).
3
Let v(r) = -21*r + 144. Suppose -3*z + 1 = -92*c + 93*c, -5*c - 3*z + 29 = 0. Calculate v(c).
-3
Let p(m) be the third derivative of -m**5/60 - m**4/24 + 5*m**3/6 - m**2. Let v = -37740 - -37736. Give p(v).
-7
Let h(v) = 8*v**2 + 2*v. Suppose 25*d + 554 = 579. Calculate h(d).
10
Let r(i) = 12*i**2 - i. Suppose -4 = -6*x + 2. Let d be r(x). Let j(u) be the third derivative of u**5/60 - 5*u**4/12 - 2*u**3 - 171*u**2. Give j(d).
-1
Let k(x) be the first derivative of -2*x**3/3 + 7*x**2 - 22*x - 830. Give k(6).
-10
Let q(d) be the third derivative of 1/6*d**4 + 0 + 0*d - d**3 + 1/10*d**5 - 85*d**2 + 1/120*d**6. Give q(-5).
-1
Let y(k) be the first derivative of k**4/4 - 5*k**3/3 - k**2 + 16*k - 7691. Give y(4).
-8
Let g(k) = k - 2. Suppose -20*y = -19*y - 4. Suppose w + y*w - p - 7 = 0, 0 = -w - 3*p - 5. Let h be (6/(-56)*-4)/(w/7). What is g(h)?
1
Suppose 42 = 15*z - 12*z. Suppose -4*l + z*l - 30 = 0. Suppose 4*j = l*o + 12, -o + 8 = o. Let q(f) = -f + 1. Determine q(j).
-5
Let j = -169 + 189. Suppose z = 2*g - 7, -3*z + 6*g - g = j. Let h(k) = k**3 + 5*k**2 - 4. Determine h(z).
-4
Let u(t) = t**2 - 8*t + 17. Let j be u(5). Suppose 0 = q - 0*a - a + j, -2*q - 4*a = -26. Let v(f) = -f**3 + 4*f**2 - 2*f - 3. Calculate v(q).
0
Let g(w) = 3*w**2 + 22*w - 11. Let h be g(-8). Let k(j) = -j**2 + 4*j + 1. Give k(h).
-4
Let h be (-30)/42 - (-4)/(-14). Let i(t) be the third derivative of -t**4/2 + 1606*t**2. Give i(h).
12
Let p(v) = v**2 + 9*v - 6. Let j(b) = -b**3 + 7*b**2 - 8*b - 14. Let f be j(4). Suppose 3*m - h = -20, -5*m - 2*h - 13 = f. What is p(m)?
-26
Let m(g) = 5*g. Suppose 0 = -110*n + 109*n + 641. Let x = -644 + n. Determine m(x).
-15
Let p(y) = y**2 - 10*y + 6. Suppose 4*b = b - 12, 3*m = 3*b + 21. Suppose -m*c = -5*c + 22. Suppose 5*z - 39 - c = 0. Calculate p(z).
6
Let j(h) = -2*h**2 + 4*h + 2. Let a be -1*(2/(-1))/(4 - 6). Let o be 4*(a + 5/10). Let d be (-2)/((o - -4) + (-10)/4). Give j(d).
-14
Let c = -265 - -265. Let x(j) = 0 + 86*j + 4 - 80*j + c. Give x(-3).
-14
Let h(d) = 20*d - 769. Let i(y) = 1188*y - 14218. Let b be i(12). Calculate h(b).
-9
Let m(z) = -379 - 395 - z**2 + 2*z**3 - 383 - 6*z + 1192. Calculate m(0).
35
Suppose 15*t - 14*t = 4*u + 35, 28 = 5*t + u. Let l(x) = -x**3 + 3*x**2 + 3*x - 1. Give l(t).
-176
Let w(m) = m + 6. Let r(j) = 2*j**3 - j + 2. Suppose -12 = 4*q - 4. Let i be r(q). Determine w(i).
-6
Let u(t) be the third derivative of -t**5/60 - 2*t**4/3 - 37*t**3/6 + 1664*t**2. Calculate u(-11).
18
Let y(p) = -p**2 + 3*p - 6. Suppose -m = -5*o + 137, -4*o = -3*m - 221 - 146. Let k be (-20)/(-9) - (-26)/m. Suppose -27 = -5*g - k. Calculate y(g).
-16
Suppose 2 + 1 = -3*i. Let b(x) = x. Let c(j) = -3*j + 10. Let o(u) = i*c(u) - 4*b(u). Let n = -108 - -102. Determine o(n).
-4
Let i(n) = -n**2 + 53*n + 162. Let x be i(56). Let h(q) = q**3 - 6*q + q**3 - 3*q**3 - 3 + 1 - 7*q**2. Give h(x).
-2
Let o(r) = -42*r + r**3 + 3 + 2 + 5*r**2 + 38*r - 1. Let j(m) = m**3 + 10*m**2 + 29*m + 25. Let b be j(-6). Give o(b).
24
Let n(h) = -2*h**3 + 3*h**2 - 2*h - 1. Suppose -8 = 3*q - q - 4*b, -3*q + 43 = 5*b. Let p be -4 - (-8 - q/(-3)). Calculate n(p).
-9
Suppose 2*t - r = 1, 2*t = 6*t - 4*r - 12. Let p = 123 - 121. Let v(z) = 3*z - p - 2*z**2 - 19*z**2 + 22*z**2. Determine v(t).
-4
Suppose 4*s - 22 - 346 = 0. Let t = -66 + s. Let d = t - 25. Let p(k) = k**3 - 2*k**2. Determine p(d).
-1
Let m be 0/(-3) - 18/3. Let c be ((-18)/m)/(3/2). Let a(p) = -c*p**3 + p**3 + 4*p**2 + 1 + 0 + 1 - 3*p. What is a(4)?
-10
Let z(b) = 13*b**3 - b**2 - 9*b + 10. Let w = 26108 - 26107. What is z(w)?
13
Let k(t) be the second derivative of -t**4/4 - t**3/3 + 9*t**2 - 88*t. Let u be k(3). Let w(b) = b**3 + 16*b**2 + 15*b + 4. What is w(u)?
4
Let x(l) = 26*l**2 + 208*l + 3. Let a be x(-8). Let p(s) = s. Let i be p(3). Let t(v) = v**i - 6 - 2*v**2 + 8 + 2 - 5*v. Give t(a).
-2
Let a(r) = 13*r + 7. Let u(d) = 18*d + 9. Let m(v) = 7*a(v) - 5*u(v). Calculate m(9).
13
Let g(s) = -2*s**3 - 17*s**2 - 24*s + 2. Let t be (33 - 2144/64)*(-1 - 13)/(-1). Give g(t).
23
Let x(j) = -j**3 + 4*j**2 - j - 5. Let p(h) be the second derivative of h**3/6 + 27*h**2/2 - 42*h - 2. Let q = 20 + -43. Let u be p(q). Calculate x(u).
-9
Suppose -7*o = -2*o - 20. Suppose -5*k + 4*s - 3*s = -31, -s = 4*k - 32. Let n(i) = k*i + 8*i - i**2 - 2 - 12*i. Determine n(o).
-6
Let b(d) = 9*d + 272. Let i be b(-30). Let f(c) = 114*c + 127*c + i - 239*c. Determine f(-7).
-12
Let j(d) be the third derivative of d**5/60 - d**4/24 - 5*d**3/6 + 227*d**2 + d - 57. Suppose 0 = 4*s - 12. Suppose -s*z = 2*z - 20. Calculate j(z).
7
Let y(w) = w**3 + 23*w**2 + 9*w - 25. Let l be y(-22). Let z(h) = 130*h + 8 - l*h + 128*h. Calculate z(5).
-7
Let a(f) = -f**3 + 10*f**2 + 14*f - 27. Let v be 85/8 - ((-2967)/(-184))/(-43). Calculate a(v).
6
Let j(f) = f**3 - 18*f**2 + 16*f + 19. Let v be j(17). Let t(w) = -72*w**2 - w**3 + 205*w**2 - 66*w**v + 1 - 71*w**2 + w. Calculate t(-4).
-3
Let k(w) = 2*w - 32. Suppose -27*u = 235 + 224. Calculate k(u).
-66
Let s(o) = -14*o - 3. Let a be -1*(7 - (11 + -5)). What is s(a)?
11
Let s(i) = -3*i**2 - 4*i - 6. Let g(u) = u**2 + 3*u + 1. Let d(b) = -8*b**2 - 17*b - 7. Let w(x) = -d(x) - 6*g(x). Let y(c) = -s(c) - 2*w(c). What is y(3)?
13
Let l(d) = -d**2 - 4*d - 6. Let r(v) = 770*v - v**3 - 4 - 770*v - 16*v**2. Suppose b - 63 = 4*q + 1, q + 3*b + 16 = 0. Let h be r(q). Give l(h).
-6
Let m(o) = -10951*o - 48 + 0 + 10964*o - 36. Determine m(6).
-6
Let g = 0 - -2. Suppose -v - 3*q = 12, 0 = -5*v - q + 5*q + 35. Let x(t) = -7*t + 1. Let l(u) = 7*u - 1. Let p(z) = v*x(z) + 2*l(z). Determine p(g).
-13
Let k = -1914 - -1943. Let r(a) = a**3 - 14*a**2 - 436*a + 23. Give r(k).
-6
Let s be (4 - 28/10)*5/3. Let a(q) = -q**3 + 281*q**2 + s - 278*q**2 - 1 - 3*q. Calculate a(2).
-1
Suppose 0 = 26*y + 17 - 2123. Let z(s) = -2 + 2*s**2 - y*s - 21*s - 3*s**2 + 101*s. Give z(-2).
-4
Let o(v) be the second derivative of v**4/12 + 4*v**3/3 - 20*v**2 - 949*v. Determine o(5).
25
Let v(z) be the first derivative of z**2 - 61*z - 1826. What is v(0)?
-61
Let k be (-10)/6*(296/96 + (-1)/12). Let j(s) = -7*s + 6. Determine j(k).
41
Let z(k) = -k**3 + 186*k**2 + 577*k - 1889. Let v be z(189). Let b(i) = -20*i**3 + i - 11*i**3 + 1 - 2. Determine b(v).
-31
Let a(c) be the first derivative of -c**3/3 - 7*c**2/2 + 35*c + 2646. Give a(-12).
-25
Let h = 20 + -12. Suppose r = -3 + h. Suppose -2*c - 35 = 4*i + c, -3*i + 10 = -r*c. Let v(n) = -n**3 - 5*n**2 + 2*n + 1. Give v(i).
-9
Let p(d) be the third derivative of -d**5/60 - d**4/2 + 7*d**3/6 + 539*d**2. Give p(-13).
-6
Let a be 2/1*(4 - (-5)/1). Suppose -a*o = -24*o. Let p(k) = -k**3 + 1. What is p(o)?
1
Let l(f) be the third derivative of -f**5/15 + 3*f**4/4 + f**2 + 2*f. Let n be l(4). Let q(k) = -k**2 + 10*k + 1. Calculate q(n).
17
Let p = -12 + 32. Let m be ((-35)/p)/((-2)/8). Let s(k) = -k**2 + 7*k - 5. Calculate s(m).
-5
Let u(l) = -7*l**3 - 8*l**2 + 11*l. Let k(z) = -2*z**2 - 127*z + 3137. Let s be k(19). Give u(s).
-66
Let v(z) be the second derivative of -1/12*z**4 + 7/2*z**2 + z + 1/3*z**3 - 35. Give v(3).
4
Suppose -2*m = 4*c - 5*c - 86, 0 = -4*m - 3*c + 192. Let v(b) = m*b - 31*b - 5 - 19*b. What is v(4)?
-25
Let z(r) = -666*r - 10 + 666*r - 4*r**2 + 7 + 5. Let g be ((-12)/8)/((-6)/8). What is z(g)?
-14
Let u be 2/(-2) - (-2)/1. Let s(n) = 2*n**2 - 5*n - 2. Let a(l) = 2. Let d(j) = 7. Let i(q) = -3*a(q) + d(q). Let m(c) = u*s(c) + 6*i(c). Give m(3).
7
Let h(b) = -3317 - 5*b + 6655 - 3273. Calculate